ulate t(d).
-4
Let t be (-33)/(-6) - 3/(-6). Suppose z = t*z. Let y(x) be the second derivative of x**3/6 + 9*x**2/2 - x. What is y(z)?
9
Suppose -t = -4*t + u + 1, 2*u = -2. Let l(k) = -k**3 - k + 1. What is l(t)?
1
Let v(a) = a - 2*a - a**2 + 22 - 30. Let j be 1 - 3/(0 - -3). What is v(j)?
-8
Let c(d) be the second derivative of -d**5/20 - 7*d**4/12 - 2*d**3/3 + 7*d**2/2 - 3*d. Calculate c(-6).
-5
Suppose 0 = m + 4, -6*m - 8 = 2*g - 2*m. Let c = g + -1. Suppose -9 = -3*x - c. Let j(a) = a**3 - 3*a**2 + a - 1. Give j(x).
-3
Let k(m) = m**3 + 5*m**2 + 6. Suppose 2*z + g + 10 = 0, -25 = z + 4*z - 3*g. What is k(z)?
6
Let b(d) be the third derivative of -d**6/120 - d**5/120 - d**4/24 - d**3/3 - 4*d**2. Let g(q) be the first derivative of b(q). What is g(-1)?
-3
Let p(b) = -b**3 + 8*b**2 - 8*b + 9. Let h be p(7). Suppose 2*c - 4*c = h. Let y(z) = -z**2 - z - 1. Calculate y(c).
-1
Let s(g) = -g**2 + 8*g - 4. Let y(t) = t**2 - t + 1. Let j(p) = -s(p) - 2*y(p). Calculate j(-7).
-5
Let h(q) = 3*q - 2. Let p(v) = -9*v + 5. Let g(d) = -11*h(d) - 4*p(d). Suppose 3*b - 6 = 6. Suppose -n - 5*i + 22 = 0, 0 = b*i - 11 - 5. What is g(n)?
8
Let c(b) = -b - 5. Let q(p) = -p - 4. Let d(o) = 3*c(o) - 4*q(o). Let n = 9 - 5. Suppose m + 3*s = -8, 0*m = 5*m + n*s - 4. Calculate d(m).
5
Let b(h) = -5*h - 2. Let v(k) = 11*k + 6. Let n(i) = -13*b(i) - 6*v(i). What is n(-6)?
-4
Suppose 1 = -5*s - 5*q + 11, 3*q - 8 = -4*s. Let n(k) = -s*k - 5*k + 3*k. Give n(-1).
4
Let k(d) = 8*d - 3. Let y be k(-6). Let s be y/9 + 2/3. Let n(i) = i**3 + 5*i**2 - 2*i - 6. What is n(s)?
4
Let b(t) = -t - 1. Let p(m) = -m**3 - 6*m**2 + 7*m + 4. Let g be p(-7). Suppose 7 = g*l - 9. Let z be 1 + 3/6*l. What is b(z)?
-4
Let s(y) = -7*y**2 + 15*y - 10. Suppose -3*k - c - 3*c + 7 = 0, 3*c + 6 = 0. Let h(x) = 10*x**2 - 22*x + 15. Let v(q) = k*h(q) + 7*s(q). What is v(4)?
1
Let j(r) = -7*r**3 + r**2 + r. Let y(a) = a**3 - 2*a**2 - 2*a - 4. Let d be (2/(-4))/((-1)/6). Let v be y(d). Calculate j(v).
7
Let q(i) = i**2 + 1 - 3*i + 0*i**2 - 5*i + 4. Determine q(7).
-2
Let u(b) = 6*b - 4. Let x(a) = 3*a**3 + a**2 - 2*a + 2. Let h be x(1). What is u(h)?
20
Let w(l) = 11*l - 3. Suppose 23 = 11*s - 10. Determine w(s).
30
Let c(n) be the second derivative of -n**4/12 - 3*n**3/2 - n**2 - 31*n. Calculate c(-8).
6
Let b(w) = -4*w - 3. Let t be (-3)/(2 - (-2)/(-4)). What is b(t)?
5
Let h(u) be the second derivative of u**5/10 - u**4/6 - u**3/3 + 6*u. Give h(2).
4
Let x(q) = -3 + 13*q - 18*q + 6*q. Determine x(-3).
-6
Let h(n) = -5*n + 12. Let v(y) = -4*y + 11. Let b(q) = -3*h(q) + 4*v(q). Calculate b(6).
2
Let u(m) be the third derivative of 1/120*m**6 + 0*m + 2*m**2 + 0 + 1/4*m**4 - 1/12*m**5 - 1/6*m**3. Determine u(4).
7
Let r(q) = -q + 1 - 5 + 5 - q. Determine r(-2).
5
Suppose 4*j - 2 = 3*j. Let p(i) = -4 + 4*i**3 + i - 3*i**3 - 2 - 5*i**j. Let b = 87 - 82. Give p(b).
-1
Suppose 4*m + 8 = 20. Let r = -1 - -1. Let g(h) = -h + m*h + r*h. What is g(2)?
4
Let p(a) = a**2 + 5*a - 3. Let g(o) = o - 4. Let q be g(8). Suppose -f + 4*v + 16 = -4*f, q*v + 20 = -4*f. Determine p(f).
-7
Let j(i) = -i. Let t = 41 - 23. Let b = t + -13. Give j(b).
-5
Let f(a) = 3*a - 6 + 2*a**2 - 8*a**2 - a**3 + 2*a**2. Let w = -6 - -1. Let n be w/(-2)*(3 - 5). Give f(n).
4
Let n(b) = -b**2 + 3*b + 1. Let r be (-1)/1 + 8 - 2. Suppose 4*h + 0*h - 3*m = -8, -10 = r*h - 3*m. Let f be (-4)/(h*(-3)/(-6)). Determine n(f).
-3
Suppose -20 = -5*d - 0*d. Suppose -2*o - d*o + 30 = 0. Let h(p) = p. Calculate h(o).
5
Let j(z) = -8*z + 2. Let f(p) = p + 14. Let u be f(-11). Give j(u).
-22
Suppose -4*w + 8*w = -24. Let n(m) = -7*m**2 + 6*m. Let c(s) = -15*s**2 + 12*s + 1. Let l(b) = w*c(b) + 13*n(b). Give l(5).
-1
Suppose 3*k = -9, -4*g + 5*k = 2*k - 25. Let q(b) = 1 + 0 + 3*b**2 - 4*b**3 + b + g*b**3 - b**3. What is q(3)?
4
Let a(i) be the first derivative of -4*i - 1/2*i**2 + 4. Give a(0).
-4
Let h(v) = -v**2 - 5*v - 1. Let m = -9 + 13. Suppose -m*q = -q - 36. Suppose -3*s + 3 - q = 0. Determine h(s).
5
Let a(s) = s. Let p(r) = -r**3 + 3*r**2 - r + 3. Let u(b) = -a(b) - p(b). Let w be (3/(-6) + 2)*2. Calculate u(w).
-3
Let w(g) = g**3 - 4*g**2 - 6*g - 3. Let c(o) = -o. Let v(m) = 4*c(m) - w(m). Suppose -3 = 3*u - 0*u, 0 = -4*q - 2*u + 18. Give v(q).
-12
Let z(l) be the second derivative of l**5/20 + l**4/3 - l**2 + l. Let s be 102/15 + 1/5. Let a = -11 + s. Give z(a).
-2
Let h(d) = d**3 + 4*d**2 + 3*d - 2. Let x be (-12)/(-16)*(-5 - -1). What is h(x)?
-2
Let y = -2 - -8. Let q(r) = -y + 3*r + 2*r - 2*r + 4. Let o(a) = -a**2 - 3*a. Let b be o(-2). What is q(b)?
4
Suppose i + 8 = -3*v + 28, -4*v = -4*i. Suppose -5*r = 6*s - 4*s - 17, v*s - 2*r + 1 = 0. Let t(x) = -4*x**3 - 1. What is t(s)?
-5
Let x(v) = v**2 - 3*v - 2. Let g(k) = 6*k**2 + 67*k + 15. Let f be g(-11). Give x(f).
2
Let w(b) be the second derivative of b**4/12 - b**3/6 - b**2 + 55*b. Determine w(3).
4
Let s = -14 - -10. Let q(y) = -y**3 - 2*y**2 + 5*y - 1. Give q(s).
11
Let s(t) = t - 8. Let i be s(8). Suppose -5*m + 4 = -6. Let k(u) = u**2 - 1 - 2*u**m + 6. Determine k(i).
5
Let b(j) = -3 + 5 - 2 + 7*j. Give b(-1).
-7
Let a be (-110)/7 + 4/(-14). Let w be a/(-6)*(-27)/(-12). Let o be (-1 + 3/w)*-2. Let u(p) = -p**3 + 1. Give u(o).
0
Let n(c) = 13*c**2 - 1 - 6*c**2 - 2*c - 8*c**2. Suppose -3*y - 10 = -5*h + y, -y = -h + 2. Suppose h*l - 6*l = 16. Determine n(l).
-9
Suppose -4*j = -j - 18. Let n(z) be the third derivative of z**5/60 - 7*z**4/24 + z**3/3 + 8*z**2. Give n(j).
-4
Let a(z) = z**2 - 4*z + 3. Suppose p + 2 = -0*p. Let c be 0/p*(-1)/2. Let b = c - -4. Determine a(b).
3
Let a(s) be the second derivative of s**6/720 + s**5/20 - s**4/12 - 2*s. Let m(z) be the third derivative of a(z). Determine m(-5).
1
Let j be 0 + (-84)/(-30) + 2/10. Let z(m) = 6*m - 4. Give z(j).
14
Let p(v) = 22 - 17 + 4*v - v. Determine p(-5).
-10
Suppose 0 = -13*c + 6*c + 42. Let p(g) = -g + 7. What is p(c)?
1
Let y be (1 - 0) + -4 + 4. Suppose -r + 1 = -y. Let c be (4 + -1)*(r + -3). Let d(o) = o**2 - o - 3. Give d(c).
9
Let l be 25/4 + 3/4. Let q(h) = 0 - h + 1 - l. Give q(-5).
-1
Let m(p) = 10*p**3 + 1. Let d be (-14)/(-5) - (-1)/5. Suppose -28 + 8 = -5*q. Let i = d - q. What is m(i)?
-9
Let y(q) = 11 + 0 + q + 0. Calculate y(-5).
6
Let n(r) be the third derivative of 0 + r**2 + 1/2*r**3 + 1/60*r**5 - 1/12*r**4 + 0*r - 1/120*r**6. Suppose -4 = -5*p + 6. Give n(p).
-5
Let h = -79 - -81. Let s(w) be the third derivative of w**h - 1/6*w**3 + 0 + 0*w + 1/6*w**4. What is s(1)?
3
Let i be (8/10)/((-6)/45). Let a(q) = -q**2 - 6*q + 1. Give a(i).
1
Let h be ((-48)/40)/(2/10). Suppose -5*t + 35 - 5 = 0. Let c(k) = -6*k + 5. Let v(u) = -7*u + 6. Let o(x) = t*c(x) - 5*v(x). What is o(h)?
6
Let c be -4*(0 - (-2)/(-4)). Let b(r) be the third derivative of -r**6/120 + r**5/20 - r**4/12 + r**3/6 + 13*r**2. Determine b(c).
1
Let h(o) be the second derivative of -o**5/20 + 7*o**4/12 - 7*o**3/6 + 4*o**2 + o. Suppose -3 = -0*a - a - 3*i, 0 = a - 2*i - 8. What is h(a)?
2
Let t(v) be the first derivative of -1/4*v**4 - 4*v - 4/3*v**3 + 3 + 3/2*v**2. Determine t(-5).
6
Let v(f) be the second derivative of f**4/12 + f**3/6 + f**2/2 - f. Let s be (7/((-21)/(-9)))/(-1). What is v(s)?
7
Let y(k) = k - 22. Let m be y(24). Let s(t) = -t**2 + 3*t. Give s(m).
2
Let c(d) = -d**3 - 3*d**2 - d + 2. Let x be c(-2). Suppose -2*y + 4 - 2 = x. Let q(w) = -y + 3 - 1 - w. Give q(1).
0
Let g = 2 + 0. Suppose 5*l + 4*t + 15 = -t, -g*t = -2*l - 14. Let w(v) = v. Let p(u) = 5*u. Let o(s) = -p(s) + 4*w(s). Give o(l).
5
Suppose -3*g - 5 + 25 = -q, 0 = 3*g + 3*q - 24. Let y(v) = -v**2 + 8*v - 6. Calculate y(g).
1
Let k(j) = j**3 + j - 1. Let d(n) = -5*n**3 - 3*n**2 - 14*n + 12. Let q(w) = d(w) + 6*k(w). Calculate q(5).
16
Let b(k) = k**2 - 6*k + 3. Suppose -2*n = -4*n + 6. Let g be b(n). Let o(j) = -j**3 - 5*j**2 + 5*j - 3. Calculate o(g).
3
Let h(a) be the first derivative of -a**4/4 - 5*a**3/3 + 2*a**2 - 5*a - 2. Calculate h(-6).
7
Let t(d) be the third derivative of -d**5/15 + d**4/12 + 5*d**3/6 + 3*d**2. Let q(n) = -1 + 1 + n**2 + n. Let v(f) = 5*q(f) + t(f). Calculate v(-6).
-1
Let s(z) be the third derivative of 0*z + z**2 - 1/12*z**5 + 0 + 2/3*z**3 - 1/120*z**6 - 1/8*z**4. Determine s(-4).
0
Let l(p) be the third derivative of -p**4/12 - 5*